t - 19, 4*t = -2*r - 5 + 51. What is g(t)?
0
Suppose 94*g - 4 = 4*l + 96*g, -2*l = 2*g + 2. Let i(h) = 4*h**3 - h**2 + 18*h + 19. Give i(l).
-4
Let i(a) = -26*a**2 - 3*a - a**3 + 49*a**2 + 2 - 29*a**2. Suppose d = -2*n - 1, 2*d - 2*n + 14 = -0*d. What is i(d)?
-8
Let t = 21222 - 21217. Suppose 0 = -5*d - 0*d + 2*o + 6, 5*d - 4 = 3*o. Let s(p) = 2*p**2 + p**2 - 7 - 7*p**d - 3*p + p**3. Determine s(t).
3
Let l(g) = g**2 - 19*g + 13. Let x = -2870 - -2886. Determine l(x).
-35
Let n(x) = -x**2 - 4*x + 10. Let p(w) = -4*w**2 + 20*w + 17. Let h be 21/(4 - -3) + 3. Let v be p(h). Determine n(v).
-11
Let v = -53791 + 53781. Let q(s) be the second derivative of s**4/12 + 5*s**3/3 - 4*s**2 - s. What is q(v)?
-8
Suppose -b - 49 = 5*x, 85*x = b + 81*x + 13. Let c(k) = k**3 + 26*k**2 - 86*k + 35. Give c(b).
6
Let j(u) = -12*u - 1 - 11*u + 37*u - 7*u - 22*u. Let m be 2/1 - (-11)/(-11). What is j(m)?
-16
Let o = 949 - 945. Let v be (7 - 2 - 14) + o. Let g(d) = d**2 + 3*d - 10. Determine g(v).
0
Let w(z) = z**2 - 5*z. Let h(d) = -d**3 - 14*d**2 - 12*d + 17. Let v be h(-13). Let q be 6/v*(-7 - 58/(-6)). What is w(q)?
-4
Let w be (-564)/(-84) + 2/7. Suppose -3*t + 9 = -2*t - 4*b, -9 = -5*t + 2*b. Let g(v) = -t - 259*v + 260*v - 8. Calculate g(w).
-2
Let w(g) = -1 + 7*g**3 - 6556*g + 6559*g + g**2 - 4*g**2. Calculate w(-2).
-75
Suppose -42*o - 9 = -39*o. Let u be (3 - -3) + (-5 - -1). Let q(r) = 0*r**2 - r**2 - u*r + 4 - 6 - r**2. What is q(o)?
-14
Let s(x) be the second derivative of -x**7/2520 - 7*x**6/720 - x**5/20 + x**4/12 - 19*x**2/2 - 28*x. Let l(j) be the third derivative of s(j). Give l(-5).
4
Let u(o) = -2*o**2 + 4*o + 1. Suppose -80 + 89 = 3*w. What is u(w)?
-5
Suppose 0 = 9*d - 12*d. Suppose t - 3*r + 5 = d, -10*t - 15 = -7*t - r. Let b(n) = n**3 + 6*n**2 + 2*n - 6. Give b(t).
9
Let a(n) be the second derivative of n**4/4 - 7*n**3/6 + 29*n**2/2 + 32*n - 83. Give a(3).
35
Let v(s) = 12*s**2 - 1. Let x(q) = -q**3 - 2*q**2 + 5*q + 11. Let p be x(-3). Suppose -p*k + 10*k = 80. Suppose j - 17 = -k. Determine v(j).
11
Let r(v) = -v**3 + 18*v**2 - 31*v - 16. Let q(t) = t**3 - 9*t**2 - 35*t + 4. Let p be q(12). Let g be r(p). Let k(i) = -i**2 - i - 17. Give k(g).
-17
Suppose -9*k - 5*h = -5*k - 83, 0 = -5*h + 15. Let y(p) = -2*p**3 + 3*p**3 + 8*p**2 + 7*p + 37 - k - 10 - 11. Determine y(-7).
-1
Let x(r) = -r**3 + 25*r**2 - 27*r + 64. Let b(y) = y**2 - 15*y - 30. Let s be b(-3). What is x(s)?
-8
Let v(c) = 633*c - 1278*c - 1 + 4*c**2 + c**3 + 640*c. Let l be 3*(3 - (-13)/(-3)). What is v(l)?
19
Let q(s) be the third derivative of -s**5/60 + 5*s**4/24 + 5*s**3/6 - 29*s**2. Suppose 2 - 2 = 5*p. Suppose h + p*b - 5*b = -19, 10 = 2*b. Give q(h).
-1
Let p(x) = x**3 + 10*x**2 - 54*x + 15. Suppose -4*s - 3*r = 62, -37*s + 34*s + 4*r - 34 = 0. Determine p(s).
-13
Suppose -4*o + 2*r - 24 = 0, -56 = 3*o + 2*o + 4*r. Let b = o + 14. Let v(s) be the first derivative of s**4/4 - 7*s**3/3 + 3*s**2 + 3*s + 443. What is v(b)?
3
Let x be (-36)/(-6 + -3)*3. Let b(g) = -1 - 20*g + 2*g + 13*g**2 + x*g - 10*g**2 + 2*g. Suppose -5*c + 6 = -3*c. Give b(c).
14
Let g(i) = -13*i - 6 + 475*i**3 - 224*i**3 - 252*i**3 + 6*i**2. Determine g(3).
-18
Let v(a) = a**2 + 2*a + 3. Let l = 11614 + -11610. Calculate v(l).
27
Let u(h) = -9*h**3 - h. Let s(c) = 294*c + 10. Let w be s(-1). Let d = 283 + w. What is u(d)?
10
Suppose -4*t + 10 = 5*z, -t - 10 = -3*z - 2*z. Suppose t*b = -5*b - 30. Let i(n) = n**3 + 7*n**2 + 4*n - 4. Calculate i(b).
8
Let j = -142 + 213. Suppose -2*p - 31 + j = 0. Suppose 5*l - p = -0*l. Let c(g) = -g**3 + 5*g**2 - 2*g - 1. Determine c(l).
7
Let f(h) = -h**2 - 6*h + 111. Let w be f(-14). Let t be w/(-6 - (3 + -8)*1). Let u(z) be the third derivative of 5*z**4/8 + z**2. What is u(t)?
15
Let o(x) = -x**3 + 6*x**2 + 94*x + 250. Let g be o(14). Let h(f) = -8*f + 17. Calculate h(g).
33
Let p(u) = -16*u + 2*u - u**2 - 1 + 12*u. Let o = -100 + 97. What is p(o)?
-4
Let l(f) be the second derivative of 0 + 0*f**4 + 1/6*f**3 + f**2 - 1/10*f**5 + 13*f. Give l(2).
-12
Suppose -3*f + 2*q = -10, 218*q + 67 = 4*f + 223*q. Let a(z) = -4*z + 8. What is a(f)?
-24
Let m(z) = 2. Let o(x) = x - 1. Let f(g) = m(g) + 3*o(g). Let k(h) = -11 - 3 + 13*h + 12 - 3*h - 2. Let y(v) = -14*f(v) + 4*k(v). Calculate y(-4).
6
Let f(h) be the third derivative of -h**4/24 + 5*h**3/6 + h**2. Let w = 200 + -190. Suppose -3*k + w = 2*n - 6*k, 6 = 2*n - 4*k. Determine f(n).
-6
Let u(o) be the third derivative of -5*o**4 + 713*o**3/6 - 9*o**2 + 63*o + 2. Determine u(6).
-7
Suppose 255*d - 257*d + 12 = 0. Let i(s) = s - 5 + 8 - d + 4. Determine i(-3).
-2
Let b(j) = -36*j - 1. Let u(t) = -263*t + 27. Let y(w) = 7*b(w) - u(w). Determine y(4).
10
Let f(g) = 51*g + 194. Let a be (104/(-6))/26*6. What is f(a)?
-10
Let v(f) = 16*f + 101. Let x(j) = -2*j - 14. Let k(u) = 2*v(u) + 2*x(u). Give k(-7).
-22
Let i(k) be the first derivative of -k - 9/2*k**2 + 1. Determine i(1).
-10
Let m(p) = 3*p - 1546 + 1541 - 6*p**2 + 3*p. Give m(1).
-5
Suppose -23*l + 24 = -11*l. Let m(d) = -4 - 4 + 4*d**l + 6 - 79*d + 81*d. What is m(1)?
4
Let l(v) = -2*v**3 - 2*v**2 + 4*v + 18. Let j(q) = -q**3 - q**2 + q. Let h(p) = 3*j(p) - l(p). Let b = 9696 - 9696. Determine h(b).
-18
Let r(k) = 5*k + 47. Let y = -5637 + 5648. Give r(y).
102
Let g(m) = 28*m - 111. Let a(v) = 7*v - 28. Let d(l) = 9*a(l) - 2*g(l). Let f be d(7). Let s(r) = -5 - 4*r - 15 + f. Give s(-5).
19
Let v(z) = -z**3 - 5*z**2 - 3*z + 2. Let r(n) = n**3 + 11*n**2 - 19*n - 79. Let m be r(-12). Suppose 2*g - m*b = -18, -24 = 5*g - b - b. What is v(g)?
-2
Let d(m) = 12*m**2 + 66*m + 480. Let j(h) = -5*h**2 - 26*h - 192. Let k(a) = -7*d(a) - 17*j(a). What is k(25)?
29
Let j(k) = 23*k**2 + 109*k + 232. Let o(u) = 8*u**2 + 37*u + 80. Let x(r) = -6*j(r) + 17*o(r). Give x(-12).
-20
Suppose -17*r + 10 + 24 = 0. Let b(q) = -8*q**3 + 4*q**2 - 3*q - 2. Let n(t) = 4*t**3 - 2*t**2 + t + 1. Let j(z) = 3*b(z) + 7*n(z). Determine j(r).
21
Let j(a) = -a**2 + 6*a + 55 + 0*a**2 - 59 + 2*a. Suppose t + 5 = -6. Let d = t + 19. Determine j(d).
-4
Let d(z) be the second derivative of z**5/5 + z**4/12 + z**3/6 + z**2/2 - z + 525. Determine d(-1).
-3
Let r be 1*4 + (-858)/(-13). Let d(t) = -t**3 - t**2 + t - 70. Let i be d(0). Let a = i + r. Let p(c) = -c**2 - 7. Give p(a).
-7
Let x be (75/75)/((-2)/(-14)). Let y(i) = 2*i**2 - 3*i - 5 + x - 6*i**2 + i**3 + 2. Give y(5).
14
Let l(t) = 200*t - 13. Let a(u) = 29*u + 1. Let d(x) = 7*a(x) - l(x). What is d(-6)?
2
Suppose 3 + 13 = 4*w + 3*i, -12 = -3*i. Let p(c) = c + 1. Let o be p(0). Let n(r) = w - 3*r - 5 + o + 5 + 2*r**2. Give n(2).
4
Let d(o) be the second derivative of o**8/3360 + o**7/840 - o**6/240 + 31*o**4/12 - 25*o. Let a(p) be the third derivative of d(p). Determine a(-3).
-18
Let p = 13 - 21. Let b(a) = 25290 - 7*a + a**2 + 7*a**2 - 17*a**2 - 3*a - 25282 - a**3. Determine b(p).
24
Let u(k) = 16*k**2 - 4*k**2 - 3*k - 5*k + 92 + 17*k - 13*k**2. What is u(15)?
2
Let k(w) = 65*w + 255. Suppose 0 = 561*q + 1941 + 303. Calculate k(q).
-5
Let i(j) = 0*j - 1 - j + 16. Let p(u) be the second derivative of -u**5/20 - u**4/3 + u**3/3 + 9*u**2/2 - 2*u - 105. Let k be p(0). Determine i(k).
6
Let y be (3/6)/(5/20). Suppose -6*p + 4 = -y*p. Suppose 5*t + p = 46. Let l(v) = -v**2 + 9*v - 6. Calculate l(t).
-6
Let q(b) = -b + 6. Let g(t) = 12*t - 52. Let u(j) = 2*g(j) + 18*q(j). Suppose 2*h + 4*s = 2, -3*h - s = -1 - 7. Calculate u(h).
22
Suppose -74*q - 1 = 147. Let z(m) = 13*m**2 - 1. Determine z(q).
51
Let t(r) = -5 - r + 4 - 2*r + 8*r**2 + 5*r. Let o(u) = 2 + 10*u - 33*u**2 + 35*u**2 + 1 - 2. Let b be o(-5). Give t(b).
9
Let l(b) = -423*b**2 + 75*b - 255. Let k(q) = 7*q**2 - q + 4. Let n(w) = 60*k(w) + l(w). What is n(6)?
-33
Let g(d) be the third derivative of 1 - 10*d**2 + 0*d - 1/3*d**3 + 3/8*d**4. Determine g(4).
34
Suppose 2*x - 19 = -365*h + 364*h, h - 7*x = -53. Let v(g) = -4*g**2 + 9*g - 2. Calculate v(h).
-11
Let z(f) = -2*f**3 - 50*f**2 - 256*f - 17. Let n be z(-7). Let j(x) be the first derivative of 2*x - n - 1/3*x**3 + x**2. Calculate j(4).
-6
Let i(w) = -w**3 + 13*w**2 - 15*w + 29. Let q = -2277 - -2289. Calculate i(q).
-7
Let s be 12 + (-21 + 4 - -9). Let t(b) = 38*b - 156. Determine t(s).
-4
Let p = -99 + 151. Let t(n) = 3*n - 5*n + 45 - p